Suppose 2*b = -3*o + 103 + 96, -4*o = -3*b - g. Does 9 divide o?
True
Let d = 525 - 537. Is (-6)/(-3) + 902 + d a multiple of 22?
False
Suppose j + 22750 = 18*j - 3*j. Is 27 a factor of j?
False
Let y be ((-3)/2)/(15/(-50)). Suppose 515 + 735 = y*i. Is i a multiple of 25?
True
Let n(s) = 2*s - 180. Let f be n(0). Let j = -80 - f. Suppose 62 = 3*u + 4*y, 2*y - y = -4*u + j. Does 13 divide u?
True
Let b(c) be the third derivative of -c**5/40 + 5*c**4/12 + c**3/2 + 9*c**2. Let z(n) be the first derivative of b(n). Is 3 a factor of z(-8)?
False
Let l(p) = -p - 24. Let w be l(-22). Does 5 divide (-33)/(-66) - w/(8/58)?
True
Suppose 32*j - 902762 + 160586 = 0. Does 9 divide j?
True
Let w(f) = -f + 12*f + 31 - 8*f. Let k be w(-9). Suppose 5*p = -4*s + 176, 5*s - 175 = -p - k*p. Does 9 divide p?
True
Suppose -7*o + 3*o = -840. Suppose -5*n + o = 3*u, 0*u - 2*u = -5*n - 140. Does 14 divide u?
True
Let s be 5852/19 - (-4)/(-2). Suppose 0 = 6*x - 1404 + s. Is 18 a factor of x?
False
Let c = -1645 - -3430. Does 21 divide c?
True
Let r(g) = 104*g**2 + 260*g + 21. Is r(-5) a multiple of 13?
False
Suppose -224812 = -i + 17*i - 47*i. Is 74 a factor of i?
True
Suppose -4*s + 15 = -1. Suppose 0 = s*k - 5*k - 2. Is (5 - -128)/((-3)/(6/k)) a multiple of 30?
False
Let h = -1202 - -1857. Let y = 842 - h. Is y a multiple of 27?
False
Suppose 12 = -12*b + 48. Suppose 37*t = -b*t + 14600. Is 73 a factor of t?
True
Suppose 5*j = 4*r + 3376 + 1416, 0 = 4*j + 4*r - 3776. Does 17 divide j?
True
Let j be (-2)/(-4 - 14/(-3)). Let t be (-2 - 0) + (-6)/j. Suppose 4*f + 772 = 3*w, t = w - 3*w + 2*f + 516. Is w a multiple of 18?
False
Suppose -4560 = -3*c + 4*o + 9904, o + 4 = 0. Is c a multiple of 8?
True
Let k = 4936 + -464. Is k a multiple of 52?
True
Is 18*35 + (-24)/32*4 a multiple of 41?
False
Let s be (-1 - 1/(-2))*-4. Suppose -5*b + s*b = 12, -22 = -3*w + b. Suppose 0 = w*k - 218 - 142. Is 30 a factor of k?
True
Let r = -31 + 46. Suppose -k + 76 - 65 = v, 5*k - 52 = -2*v. Is 28 a factor of (-127)/(-6)*4 - k/r?
True
Does 2 divide 1502*(891/(-42))/(-27) - (-2)/(-14)?
True
Suppose 5*g + 4*q = 30 - 2, -5*g + 5*q = -55. Let h be (-42)/(-112) + 4/((-96)/(-63)). Suppose 4*t - 600 = -4*s + g*t, -h*s = t - 470. Is 31 a factor of s?
True
Let f = -177 - -413. Let b be f/3 - 0 - (-10)/(-15). Let x = b - 26. Is x a multiple of 26?
True
Let n be 68/(-6)*(-22 - -19). Suppose -11 = -3*g + n. Suppose -7*y = -g*y + 1248. Is 29 a factor of y?
False
Let a = 823 - 817. Let r = 159 + 206. Is (r/12 - 12/(-48))*a a multiple of 46?
True
Suppose -13244 = -3*v - 2*s, -4*v - 7*s = -4*s - 17658. Is 48 a factor of v?
True
Suppose 21*x - 53 - 10 = 0. Let y(s) = 7*s**2 - 12*s + 48. Is y(x) a multiple of 5?
True
Let p = 114 + -115. Let b be (-2 + -17)/p*(-14)/(-2). Let h = b - 103. Is h a multiple of 15?
True
Let i = 5011 - -973. Is i a multiple of 88?
True
Let n(o) = o**3 - 19*o**2 - 3*o - 14. Let r be n(18). Is (45/20 + -3)*r a multiple of 21?
True
Let s = 24 - 23. Suppose -5*c - 2*p + s = -4*c, c + 5*p = -2. Suppose -c*a = 12, 4*h - 5*a = 171 + 217. Is 23 a factor of h?
True
Let k = 9913 - 5216. Is 11 a factor of k?
True
Suppose 4*t + 12 = 0, y + 0*y - 326 = -4*t. Suppose 108 = w - 3*h, 3*h - 184 = -5*w + y. Does 35 divide w?
True
Let c be (-47)/(33/12 - 3). Let x = -91 - -503. Suppose -k - k - c = -b, -5*k = 2*b - x. Is 15 a factor of b?
False
Let j(f) = f**2 + 8*f - 80. Let h be j(18). Suppose h = 4*z - 268. Does 41 divide z?
True
Let g(j) be the second derivative of j**4/6 + 11*j**3/6 + 5*j**2 + 277*j. Let x(a) = -a**2 + 3. Let i be x(3). Is 7 a factor of g(i)?
False
Let g(i) = i**3 - 45*i**2 - 34*i + 20. Does 13 divide g(46)?
True
Suppose 13*o = 10*o + 4*i + 18470, 4*o = -5*i + 24575. Does 6 divide o?
True
Suppose 202748 - 511298 = -55*t. Does 66 divide t?
True
Let g(b) = -129*b + 12. Suppose 0 = -y - 3 + 4, 5*h + 18 = -2*y. Does 64 divide g(h)?
False
Let n = 14356 - 7764. Does 60 divide n?
False
Let c(y) = 12*y**2 - 8*y - 5. Let x be c(8). Let k = -146 + x. Is 9 a factor of k?
False
Let l = -9121 + 14995. Is l a multiple of 11?
True
Suppose 2*w + 2*j - 10 = 0, 0 = -3*w - 4*j + 6*j - 10. Suppose -s + 5*u + 1 + 0 = w, 17 = s + 3*u. Does 4 divide s?
False
Let l(h) = -h**3 + 2*h**2 - 8*h + 112. Does 20 divide l(-14)?
True
Suppose 7711 - 39207 = -9*w + 14044. Does 11 divide w?
True
Suppose 2*x = -v - 9, -16 + 4 = -2*v + 2*x. Is 19 a factor of 136/v*(1 - 4/8)?
False
Suppose 144 = -3*w + 7*w. Let c = w + -35. Is 11 a factor of (8 + (1 - -2))/c?
True
Let k be ((-19)/(608/(-48)))/((-1)/82). Let q = -112 - -61. Let j = q - k. Is j a multiple of 18?
True
Does 73 divide 4529/(-1 + (-1 - -3)) + -3?
True
Suppose -4*w = 4*b - 4304, -3*b + w + 1405 = -1815. Does 32 divide b?
False
Suppose -t + 3*t = -f + 197, -2*f = -3*t - 429. Let n = -141 + f. Suppose -5*r - n = -8*r. Is r a multiple of 18?
False
Let c be 6 + (-3 - (-4)/(-8)*0). Suppose -3 = c*f, -5*j + 3*f + 1603 = -0*f. Suppose -3*l - 2*l + j = 0. Is l a multiple of 8?
True
Let t(c) = 7*c - 26. Let q(p) = -p - 1. Suppose -2*k + 2*s + 2 = 0, -3 + 6 = 3*k + 2*s. Let h(l) = k*t(l) - 4*q(l). Is h(14) a multiple of 12?
True
Let i(v) = 95*v - 451. Let n be i(4). Let m(f) = -13*f**2 - 2*f. Let r be m(-3). Let q = n - r. Is 8 a factor of q?
True
Let m(y) = -51*y**2 - 3*y + 1. Let u be m(3). Let c = u + 947. Is c a multiple of 18?
False
Let o(c) = -134*c**3 - 10*c**2 - 14*c + 21. Is 4 a factor of o(-3)?
False
Let h(x) = 36*x**2 + 146*x - 82. Does 34 divide h(-17)?
False
Let f be (-1335)/(-6) + (-7)/(56/12). Let h = 298 - f. Is h a multiple of 7?
True
Suppose 0 = 185*a - 183*a - 34. Suppose a*o - 5921 - 3514 = 0. Is 15 a factor of o?
True
Does 49 divide (2/(-12) - 521/6)*16352/(-168)?
False
Is 64104 + 0 - (59 - 33) a multiple of 23?
True
Suppose h - 3*h + 302 = 3*j, 5*j + 3*h = 504. Let q = 233 - j. Is q a multiple of 10?
False
Does 31 divide (-1)/(8 - ((-262138)/(-18724) - 6))?
True
Let o(w) = 32*w**2 - 2*w - 6. Let k(j) = 16*j**2 - j - 3. Let l(g) = -5*k(g) + 3*o(g). Is 7 a factor of l(-2)?
True
Let w(y) = -6*y**2 - 4*y - 3. Let b be w(-4). Let p = b + 78. Let o(i) = i**2 - 2*i + 1. Does 7 divide o(p)?
False
Let y(q) = -q**2 - 6*q - 30. Let w be y(-12). Let x = 344 + w. Is 22 a factor of x?
True
Let j be 270/50 - 4/10. Suppose 0*l + 71 = l - 5*k, -4*k = j*l - 297. Is l a multiple of 2?
False
Is 13 a factor of (1*(-8)/6 + (-788398)/(-390))*15?
True
Suppose 2*y - 5*k - 21 = 2, -k - 19 = -4*y. Let p(j) = -79*j**3 - y*j**2 - j - 5*j**2 + 5 + 8*j**2 - 4. Is 5 a factor of p(-1)?
True
Let p(l) = 255*l**2 + 312*l - 9. Is 19 a factor of p(-8)?
False
Suppose 4*i - 5*s = 5*i + 287, -2*i - 518 = -4*s. Let u = 907 + i. Is u a multiple of 8?
True
Let b = -10 - -18. Suppose 6*j + 128 = 542. Suppose -4*p = 3*i - b*p - 69, -5*p = 2*i - j. Does 9 divide i?
True
Let i = -532 + 205. Let t = i + 509. Does 14 divide t?
True
Let f(n) = -17*n - 108. Let z be f(-7). Suppose 4*x = z*x - 161. Is 4 a factor of x?
False
Let u(i) = i**3 - 6*i**2 + 5*i + 5. Let v be u(6). Suppose -3*r + v + 55 = 0. Is r a multiple of 6?
True
Is (0 + (-6)/(-8))/(8/1856) a multiple of 3?
True
Suppose -8 = -2*s, 2*x + 2*s + 128 = 3*x. Let d = x - 40. Does 12 divide d?
True
Let v = -18568 - -26620. Does 132 divide v?
True
Let p(f) = 9*f + 230. Let j be p(-22). Suppose j = -10*z + 832. Is z a multiple of 24?
False
Suppose -2*h = -100*a + 96*a - 3676, -3*h + 5508 = -3*a. Is 13 a factor of h?
False
Let u be (-8)/(-2) + 6 - (-4)/2. Let g(q) = -q**3 + 11*q**2 + 12*q + 20. Is g(u) a multiple of 20?
True
Let o(n) = 3*n**3 + 15*n**2 + 12*n - 21. Let w(c) = c**3 + 7*c**2 + 6*c - 10. Let f(l) = -2*o(l) + 5*w(l). Suppose -3*r = -7*r - 16. Is f(r) a multiple of 8?
True
Let q be (-4859)/(-9) - ((-78)/(-54))/(-13). Let w = q - 310. Is 23 a factor of w?
True
Is 39 a factor of (-584)/(-438)*100797/4?
False
Suppose -11*a = -51 + 29. Suppose -2*f + 0*n = 5*n - 396, a*n + 990 = 5*f. Is 24 a factor of f?
False
Let z(t) = -t**3 - 17*t**2 + 6*t - 63. Let a = 540 - 558. Is 3 a factor of z(a)?
True
Let u(y) = -333*y + 9. Let h be u(-1). Let r = 396 - h. Is 27 a factor of r?
True
Let r(l) = -61*l - 63. Does 4 divide r(-40)?
False
Suppose 2 + 4 = 3*j. Suppose 5*q + 11 = j*q + 5*i, -9 = 3*q - 3*i. Does 9 divide 140/2 + -1 + q?
False
Let